w).
-23
Let i(n) be the second derivative of 5*n**3/6 + n**2 - 8*n. Let m be 0 - (4 - 1) - -7. Let z be 1/1 + (1 - m). What is i(z)?
-8
Let b(c) = -c**3 - 2*c**2 + 3*c - 3. Let s be ((-12)/(-9))/((-2)/6). Let k be 90/(-8) - 1/s. Let f = k + 8. Calculate b(f).
-3
Suppose 10 = -5*h, 3*y - h = 17 + 15. Suppose 2*a + 3*a = b + 22, -a + 5*b - y = 0. Let u(i) = -i**2 + 6*i - 7. What is u(a)?
-2
Let o(p) = -p**2 + 8*p + 7. Let v be (-122)/(-14) - (-16)/56. Calculate o(v).
-2
Let v(p) = p**3 - p**2 - p - 29. Let u = -365 + 365. Give v(u).
-29
Suppose 2*i - 7*i + 30 = 0. Let j(r) be the first derivative of 2*r - 1 + 2*r**2 - 9*r - 4. What is j(i)?
17
Let c be -2 + 3*4/(-6). Let x be (-1 - c)*10/(-6). Let q(h) = 5*h + 1 + 2*h + 1 - h**3 - 3*h**2 - h**2. What is q(x)?
-8
Suppose -300 = 2*j + 3*j. Let g be (j/50)/(2/(-5)). Suppose 0 = g*x - 2*v + 23, v + 12 = -5*x - 9. Let y(n) = n**3 + 4*n**2 - 5*n - 6. Determine y(x).
-6
Let a(t) = 6*t - 2 + 7*t - 6*t. What is a(1)?
5
Let x(t) = -11*t**2 + 5*t - 3. Let o(p) = 24*p**2 - 11*p + 6. Let n(g) = 6*o(g) + 13*x(g). Give n(6).
27
Let v(b) be the third derivative of 0*b**4 + 0 + 0*b - 11*b**2 - 7/60*b**5 + 1/6*b**3. Give v(1).
-6
Let z(o) = 3*o + 4*o + 5*o - 13*o - 6. Determine z(-5).
-1
Let n(z) be the first derivative of z**5/60 - z**4/6 - z**3/6 + 5*z**2/2 - 20. Let b(v) be the second derivative of n(v). Determine b(4).
-1
Let d(q) be the third derivative of 22*q**2 - 1/60*q**5 + 0 + 1/2*q**3 + 0*q - 1/24*q**4. Calculate d(-3).
-3
Let n be (2/3)/(21/(-27) - -1). Suppose -n*k + 2*k - 6 = 0. Let j(m) = 2*m**2 + 8*m - 3. Determine j(k).
21
Let o(l) = 7*l**2 - 25*l + 17 + 25*l - 21*l + 4*l**2. Let j(s) = 4*s**2 - 7*s + 6. Let k(i) = 8*j(i) - 3*o(i). Calculate k(6).
3
Let l(m) be the second derivative of -m**5/20 + 11*m**4/12 - 5*m**3/3 - 2*m**2 + 19*m - 2. Determine l(10).
-4
Let y(w) = 5*w**3 + 8*w**2 - 12*w - 4. Let s(x) = x**3 - x**2 - 5*x + 1. Let b(j) = 3*s(j) - y(j). Determine b(-5).
-3
Let k(u) be the second derivative of u**4/12 + 4*u**3/3 + 3*u**2/2 + 379*u. What is k(-8)?
3
Let z(i) = -6*i - 4. Let g(m) = 9*m + 5. Let t(u) = -3*g(u) - 4*z(u). Determine t(-4).
13
Suppose -5*o + 2*y - 22 = -o, 0 = 3*o - 5*y + 6. Suppose -36*h - 9 = -39*h. Let n(f) = -14 - h + 27 - 5*f - f**2. What is n(o)?
-4
Let i(y) = y. Let x(v) = -v**2 - 10*v - 5. Let s be ((-8)/(-4) + -1)*1. Let r be (2 + 0)*s/(-2). Let u(w) = r*x(w) - 2*i(w). Determine u(-6).
-7
Let r(i) = i**3 - 3*i**2 + i. Let k be (-15 + 16)*2/(-2). Let p be 2 + (-4 - -10)/k. Let a be p + 0 + (0 - -7). Calculate r(a).
3
Let n(p) = p**3 + 3*p**2 + p + 5. Let s be 52/10 - (-4)/(-20). Suppose l = s*l - 12. Let i be (l + 0)/(6/(-8)). Give n(i).
-15
Suppose 2*z - 3*w + 6*w + 3 = 0, 0 = 4*z - 4*w - 24. Suppose -z*s + 37 = -23. Suppose -3*n = s - 2. Let d(b) = -b + 2. Give d(n).
8
Let p(m) = -m**2 + 8*m + 10. Suppose 2*l + 2*s = 8, -4*s - 10 = l - 2. Determine p(l).
10
Suppose -44 = x + 4*j, -3*j - 52 = 3*x - 7*j. Let r be -2*3/x*-4. Let t(i) = 1. Let u(g) = -3*g + 5. Let k(y) = 4*t(y) - u(y). What is k(r)?
-4
Let w(s) = -5*s**2 - s + 1. Suppose 7 = 7*h - 0. Determine w(h).
-5
Let k(h) = 14*h + 12. Let w(m) = -6*m - 4. Let d(x) = -6*k(x) - 15*w(x). What is d(7)?
30
Let h(i) = 13*i**2 + 22*i - 10. Let l(w) = 24*w**2 + 42*w - 20. Let v(f) = -11*h(f) + 6*l(f). What is v(-8)?
-26
Let u(z) be the third derivative of z**4/12 + 2*z**3 - 129*z**2. What is u(-5)?
2
Let n = 67 + -53. Let z(d) = -2*d + 18. Give z(n).
-10
Let t(j) = -5*j**2 - 7*j - 4. Let m(r) = -r**2 - 2. Let y(d) = -4*m(d) + t(d). What is y(-7)?
4
Let a(o) be the second derivative of o**5/4 - o**4/12 + o**3/6 + 7*o. Let l = 14 + -12. Suppose -2 = -4*q + 2*f, -3*f - l + 4 = -q. Calculate a(q).
5
Let d(a) = 15*a**2 + a + 4. Let k(m) = 43*m**2 + 3*m + 10. Let z(y) = 17*d(y) - 6*k(y). Determine z(2).
-6
Let n(z) = -z**3 - 7*z**2 + 7*z - 16. Suppose -3*b + 16 = -5*b. Let y be n(b). Let x(s) = s**2 + 9*s + 9. What is x(y)?
1
Let s(a) be the second derivative of 3*a**3/2 + a**2/2 + 255*a. Determine s(2).
19
Let t(o) be the third derivative of -o**6/120 - 3*o**5/20 - 5*o**4/8 - 7*o**3/3 + 252*o**2. Give t(-7).
-7
Suppose -2*h = -3*h + 10. Let m(s) = 1 - 12*s + 7*s + h*s. Give m(2).
11
Let f(b) = -4 - 5*b**2 - 5*b**2 - 4*b + 2 - 12*b**2 + 23*b**2. What is f(4)?
-2
Let o(g) = -1 + 3 + 0 + g + 0 + 15. What is o(-11)?
6
Let z(k) = -k**3 + 7*k**2 + 6*k + 9. Suppose 16 = -90*m + 92*m. Calculate z(m).
-7
Let g(w) = -23*w**2 + 12*w**2 + w - 4*w**2. Calculate g(1).
-14
Let l(p) be the first derivative of p**4/4 + 4*p**3/3 - 4*p - 1. Let a be (-8)/6*(-9)/6. Let d be 91/(-28) - a*3/(-24). Determine l(d).
5
Let u be 1*3/(12/4). Let b(r) = -r**2 + 4 - 2 + r - u. Suppose -2*p - 4 = 4*x - 7*p, -4*p = -5*x + 4. Give b(x).
-11
Let s(r) = r**2 - 4*r + 6. Let q be 12/11*176/32. Give s(q).
18
Let b(h) be the third derivative of h**4/24 + 3*h**3 - 40*h**2 + 11. Give b(-18).
0
Let g = -614 + 608. Let t(q) = -q**2 - 6*q - 2. Give t(g).
-2
Let o be (1 + -1)/(-2) + 24 + 1. Let m be 15/(-2) + 1 + o/(-50). Let g(k) = -k**3 - 6*k**2 + 5*k - 1. What is g(m)?
13
Suppose 2*u = 3*p + 5, u = -u + 4*p + 4. Suppose -z = m - 10 + u, -14 = -3*m - 2*z. Let k(h) = 0*h - 4*h**m + 9*h**2 + 1 + 3*h - 4*h. Give k(1).
5
Let i(c) = -c**2 - 2*c - 2. Let q = 15 + -18. Calculate i(q).
-5
Let d(p) = p**3 + p**2 - p - 1. Let n(l) = l**2 + 2*l - 11. Let i be n(-5). Let j(q) = 5*q**3 + 4*q**2 - 5*q - 9. Let r(y) = i*d(y) - j(y). Calculate r(0).
5
Let g = -23 + 23. Suppose g = -4*z + z - 12. Let q(w) = w**3 - 2 + 5*w**2 + 5*w + 6 + 2. Give q(z).
2
Let y(b) = -2*b - 1. Let n = -917 - -912. Determine y(n).
9
Let z(n) = -6*n + 15*n - 13*n**2 + 12*n - 4*n - 9. Let s(c) = 6*c**2 - 8*c + 4. Let w(g) = 9*s(g) + 4*z(g). Suppose 0 = -7*t + 10*t - 9. What is w(t)?
6
Let m(g) = -g**2 - g + 37. Suppose -2*t = 64*t. What is m(t)?
37
Let d(m) = 3 - 7*m - m**2 + 0*m - m + 0*m. Suppose 3*o = -5*i - 47, 4*i + 22 = 6. Calculate d(o).
-6
Let t(v) = v**3 + v**2 - 3*v + 3. Suppose 72*h - 79*h = 21. Give t(h).
-6
Let b(x) = -4*x**3 - 3*x**2 + x - 2. Let t(f) = -3*f**3 - 4*f**2 + 2*f - 2. Let h(g) = -2*b(g) + 3*t(g). What is h(-5)?
-47
Let q(a) = a + 1. Let z(v) = -16 + 15 + 6*v - 4*v - 3*v. Let g(c) = -2*q(c) + z(c). What is g(-2)?
3
Let d = -9 + 13. Let t be (-121)/(-44) - (-5)/d. Let c(m) be the first derivative of m**4/4 - 4*m**3/3 - m**2/2 - 6. What is c(t)?
-4
Suppose 51*x - 40*x - 66 = 0. Let j(k) = k - 6. Determine j(x).
0
Suppose 7*g - 4*g - 60 = 0. Let v = g + -20. Let r(p) = p**3 - 5 + 3 - 3 + 5*p**2 + v. What is r(-4)?
11
Let z(c) be the third derivative of c**4/8 - 5*c**3/6 + 2*c**2. Suppose 3*w = -2*q - 40, -45 - 5 = 3*q + 2*w. Let i = -9 - q. What is z(i)?
10
Let f(d) = 2*d**2 + 12 - 1 - d - 13. What is f(0)?
-2
Let l(s) = s**3 + 7*s**2 + 4*s - 2. Let i be l(-6). Let x be 34/i - 6/15. Let y(p) be the second derivative of p**4/12 - 3*p**2/2 + 4*p. Calculate y(x).
6
Let w(k) = k**3 + 4*k**2 + 2*k - 1. Suppose -7*g = 8*g + 30. Determine w(g).
3
Let w be (32/(-40))/(1/5). Suppose 5*d - r = -2*r + 3, -9 = 5*d - 3*r. Let a = d + w. Let o(z) = -z - 3. Give o(a).
1
Let p(b) = b**2 + 9*b + 2. Let n be p(-9). Let c(l) = -2*l**2 - 2*l - 3 + 5*l - 3 + 3*l**n. Give c(-5).
4
Let m be 0 + 0 - (13 - 18). Suppose -y + 7 + 0 = -3*r, -m*r - 33 = -3*y. Let t = 21 - y. Let k(x) = -x**2 + 7*x - 2. Give k(t).
8
Let p(b) = b**3 + 2*b**2 + 3*b + 2. Let u(l) = l + 1. Suppose i - 2 + 86 = 0. Let m be (-2)/(-7) - (-276)/i. Let g be u(m). Determine p(g).
-4
Suppose -16*k - 4*t + 36 = -20*k, -3*k = t + 15. Let u(g) = -g**2 + 2*g + 5. What is u(k)?
-43
Suppose 12 = 3*g + 3*l, 0*g - 2*g - 3*l + 9 = 0. Suppose 8*f - 5*f = g. Let s be 0 + (6 - 3) + f. Let z(n) = 3*n - 5. Determine z(s).
7
Let u(r) be the second derivative of -7/2*r**2 + 0 + 1/20*r**5 + 5/12*r**4 + 16*r - 1/3*r**3. Calculate u(-5).
3
Let u(j) = j**3 - 9*j**2 + 13. Suppose 252 = 19*y - 7*y. Let a be ((y/(-14))/(-1))/(1/6). Determine u(a).
13
Let r(f) be the second derivative of f**4/12 - 5*f**3/6 - 7*f**2/2 - f. Let v be (-3)/2 - 360/(-48). What is r(v)?
-1
Let x(p) be the second derivative of -p**4/12 - 5*p**3/3 - 25*p**2/2 + 704*p. Calculate x(-5).
0
Let w(p) = -2*p**3 - 6*p**2 + 1. Suppose -a - 5*v = 28, 2*a + 5*v - 15 = -46. Let l be w(a). L